{"id":27480,"date":"2024-07-09T12:12:17","date_gmt":"2024-07-09T10:12:17","guid":{"rendered":"https:\/\/www.flexxfit.de\/wal\/?page_id=27480"},"modified":"2024-07-09T12:17:05","modified_gmt":"2024-07-09T10:17:05","slug":"fitnesstrainer","status":"publish","type":"page","link":"https:\/\/www.flexxfit.de\/wal\/jobs\/fitnesstrainer\/","title":{"rendered":"Fitnesstrainer"},"content":{"rendered":"<p>[et_pb_section fb_built=&#8220;1&#8243; _builder_version=&#8220;4.18.0&#8243; _module_preset=&#8220;default&#8220; da_disable_devices=&#8220;off|off|off&#8220; global_colors_info=&#8220;{}&#8220; da_is_popup=&#8220;off&#8220; da_exit_intent=&#8220;off&#8220; da_has_close=&#8220;on&#8220; da_alt_close=&#8220;off&#8220; da_dark_close=&#8220;off&#8220; da_not_modal=&#8220;on&#8220; da_is_singular=&#8220;off&#8220; da_with_loader=&#8220;off&#8220; da_has_shadow=&#8220;on&#8220;][et_pb_row _builder_version=&#8220;4.18.0&#8243; _module_preset=&#8220;default&#8220; global_colors_info=&#8220;{}&#8220;][et_pb_column type=&#8220;4_4&#8243; _builder_version=&#8220;4.18.0&#8243; _module_preset=&#8220;default&#8220; global_colors_info=&#8220;{}&#8220;][et_pb_text _builder_version=&#8220;4.18.0&#8243; _module_preset=&#8220;default&#8220; header_font_size=&#8220;61px&#8220; custom_padding=&#8220;||66px||false|false&#8220; global_colors_info=&#8220;{}&#8220;]<\/p>\n<h1 class=\"mbr-section-title pb-3 mbr-fonts-style display-1\" style=\"text-align: center;\">FITNESSTRAINER<\/h1>\n<p>[\/et_pb_text][et_pb_text _builder_version=&#8220;4.24.2&#8243; _module_preset=&#8220;default&#8220; text_line_height=&#8220;1.9em&#8220; global_colors_info=&#8220;{}&#8220;]<\/p>\n<h2 class=\"mbr-fonts-style mbr-title align-left pb-3 display-2\">FITNESSTRAINER (M\/D\/W)<\/h2>\n<p class=\"mbr-fonts-style mbr-text align-left display-7\"><span>Als Fitnesstrainer (m\/d\/w) leitest du Einzelpersonen und Gruppen an. Du \u00fcbernimmst ihre Trainingsplanung und unterst\u00fctzt sie, ihre sportlichen Ziele zu erreichen.<\/span><\/p>\n<p><strong>Deine Aufgaben:\u200b<\/strong><\/p>\n<ul>\n<li class=\"x_MsoNormal\">Du k\u00fcmmerst dich um die Umsetzung des Betreuungskonzeptes<\/li>\n<li class=\"x_MsoNormal\">Du machst Trainingsplanung und -steuerung f\u00fcr unsere Mitglieder<\/li>\n<li class=\"x_MsoNormal\">Du bist aktiv beim Verkauf und der Beratung unserer hochwertigen Produkte involviert<\/li>\n<li class=\"x_MsoNormal\">Du \u00fcbernimmst kleinere administrative Aufgaben<\/li>\n<li class=\"x_MsoNormal\">Du unterst\u00fctzt den zielorientieren Supplementverkauf<\/li>\n<\/ul>\n<p><strong>Das bringst du mit:<\/strong><\/p>\n<ul>\n<li class=\"x_MsoNormal\">Mindestens Trainer B-Lizenz eines renommierten Ausbildungstr\u00e4gers<\/li>\n<li class=\"x_MsoNormal\">Kontaktfreudig, kommunikationsstark, positive sportliche Ausstrahlung<\/li>\n<li class=\"x_MsoNormal\">Hohes Dienstleistungsverst\u00e4ndnis<\/li>\n<li class=\"x_MsoNormal\">Berufserfahrung<\/li>\n<li class=\"x_MsoNormal\">Einf\u00fchlsame, teamf\u00e4hige, motivierende Pers\u00f6nlichkeit<\/li>\n<\/ul>\n<p><strong>Wer wir sind:\u200b<\/strong><\/p>\n<p><span>Flexxfit ist ein stylisches, modernes, vollausgestattetes Premiumfitnessstudio mit dem besten Equipment, tollen Mitgliedern und einem fantastischen Team. Neben einer riesigen Ger\u00e4tetrainingsfl\u00e4che, einer eigenen Functional- Trainingsetage und elektronischen Fitnesstraining, bieten wir ein breites Kursangebot von Boxen \u00fcber Yoga und Jumping bis hin zu anerkanntem Rehasport.<\/span><\/p>\n<p><strong>Was wir bieten:\u200b<\/strong><\/p>\n<p><span>Bei uns bist du von Tag 1 an vollwertiges Teammitglied. Freies Training ist f\u00fcr uns au\u00dferhalb der Arbeitszeiten selbstverst\u00e4ndlich. Regelm\u00e4\u00dfige Teamevents und Weiterbildungs- sowie Entfaltungsm\u00f6glichkeiten warten ebenfalls auf dich!<\/span><\/p>\n<p><span>Bewirb dich jetzt <\/span><span>per E-Mail: <\/span><a href=\"mailto:waltrop@flexxfit.de\">waltrop@flexxfit.de<\/a><\/p>\n<p>&nbsp;<\/p>\n<p>[\/et_pb_text][\/et_pb_column][\/et_pb_row][\/et_pb_section]<\/p>\n","protected":false},"excerpt":{"rendered":"<p>FITNESSTRAINERFITNESSTRAINER (M\/D\/W) Als Fitnesstrainer (m\/d\/w) leitest du Einzelpersonen und Gruppen an. Du \u00fcbernimmst ihre Trainingsplanung und unterst\u00fctzt sie, ihre sportlichen Ziele zu erreichen. Deine Aufgaben:\u200b Du k\u00fcmmerst dich um die Umsetzung des Betreuungskonzeptes Du machst Trainingsplanung und -steuerung f\u00fcr unsere Mitglieder Du bist aktiv beim Verkauf und der Beratung unserer hochwertigen Produkte involviert Du \u00fcbernimmst [&hellip;]<\/p>\n","protected":false},"author":1,"featured_media":0,"parent":459,"menu_order":0,"comment_status":"closed","ping_status":"closed","template":"","meta":{"_et_pb_use_builder":"on","_et_pb_old_content":"","_et_gb_content_width":"","footnotes":""},"class_list":["post-27480","page","type-page","status-publish","hentry"],"_links":{"self":[{"href":"https:\/\/www.flexxfit.de\/wal\/wp-json\/wp\/v2\/pages\/27480","targetHints":{"allow":["GET"]}}],"collection":[{"href":"https:\/\/www.flexxfit.de\/wal\/wp-json\/wp\/v2\/pages"}],"about":[{"href":"https:\/\/www.flexxfit.de\/wal\/wp-json\/wp\/v2\/types\/page"}],"author":[{"embeddable":true,"href":"https:\/\/www.flexxfit.de\/wal\/wp-json\/wp\/v2\/users\/1"}],"replies":[{"embeddable":true,"href":"https:\/\/www.flexxfit.de\/wal\/wp-json\/wp\/v2\/comments?post=27480"}],"version-history":[{"count":3,"href":"https:\/\/www.flexxfit.de\/wal\/wp-json\/wp\/v2\/pages\/27480\/revisions"}],"predecessor-version":[{"id":27483,"href":"https:\/\/www.flexxfit.de\/wal\/wp-json\/wp\/v2\/pages\/27480\/revisions\/27483"}],"up":[{"embeddable":true,"href":"https:\/\/www.flexxfit.de\/wal\/wp-json\/wp\/v2\/pages\/459"}],"wp:attachment":[{"href":"https:\/\/www.flexxfit.de\/wal\/wp-json\/wp\/v2\/media?parent=27480"}],"curies":[{"name":"wp","href":"https:\/\/api.w.org\/{rel}","templated":true}]}}