{"id":463,"date":"2022-09-26T15:56:33","date_gmt":"2022-09-26T13:56:33","guid":{"rendered":"https:\/\/www.flexxfit.de\/waf\/?page_id=463"},"modified":"2022-12-01T16:55:42","modified_gmt":"2022-12-01T15:55:42","slug":"initiativbewerbung","status":"publish","type":"page","link":"https:\/\/www.flexxfit.de\/waf\/jobs\/initiativbewerbung\/","title":{"rendered":"Initiativbewerbung"},"content":{"rendered":"\n[et_pb_section fb_built=&#8220;1&#8243; _builder_version=&#8220;4.18.0&#8243; _module_preset=&#8220;default&#8220; global_colors_info=&#8220;{}&#8220;][et_pb_row _builder_version=&#8220;4.18.0&#8243; _module_preset=&#8220;default&#8220; global_colors_info=&#8220;{}&#8220;][et_pb_column type=&#8220;4_4&#8243; _builder_version=&#8220;4.18.0&#8243; _module_preset=&#8220;default&#8220; global_colors_info=&#8220;{}&#8220;][et_pb_text _builder_version=&#8220;4.18.0&#8243; _module_preset=&#8220;default&#8220; header_font_size=&#8220;61px&#8220; custom_padding=&#8220;||66px||false|false&#8220; global_colors_info=&#8220;{}&#8220;]<h1 class=\"mbr-section-title pb-3 mbr-fonts-style display-1\" style=\"text-align: center;\">WERDE EIN TEIL DES TEAMS!<\/h1>[\/et_pb_text][et_pb_text _builder_version=&#8220;4.18.1&#8243; _module_preset=&#8220;default&#8220; text_line_height=&#8220;1.9em&#8220; global_colors_info=&#8220;{}&#8220;]<h2 class=\"mbr-fonts-style mbr-title align-left pb-3 display-2\">WIE VIEL POWER STECKT IN DIR?<\/h2>\n<p class=\"mbr-fonts-style mbr-text align-left display-7\">Motivierte und engagierte Mitarbeiter sind das Herz des Teams des FlexXfit Studios in Warendorf. Unser Studio besticht durch unser individuelles Design, unsere durchdachten Trainingskonzepte und unsere kompetenten Mitarbeiter.<\/p>\n<p>Wir suchen immer wieder kompetente Mitarbeiter, die Spa\u00df am Beruf haben und wissen, was sie tun. Ob als Azubi, Trainer, Kursleiter oder auch als Physiotherapeut \u2013 mache den n\u00e4chsten Schritt und bewirb dich mit deiner aussagekr\u00e4ftigen Bewerbung.<\/p>\n<p><strong>Dein Profil:<\/strong><\/p>\n<ul>\n<li>Eine Trainerausbildung setzen wir voraus (au\u00dfer von angehenden Auszubildenden)<\/li>\n<li>Trainer B-Lizenz ist von Vorteil<\/li>\n<li>Praktische Erfahrungen in der Dienstleistungsbranche<\/li>\n<li>Positive Einstellung und eine starke Affinit\u00e4t zum Sport- und Fitnessbereich<\/li>\n<li>Serviceorientiert und hast Spa\u00df an der Arbeit<\/li>\n<li>Ein gepflegtes, sauberes und auch offenes Erscheinungsbild<\/li>\n<\/ul>\n<p><strong>Dein Gewinn:<\/strong>\u200b<br \/>Dich begr\u00fc\u00dft ein engagiertes und motiviertes Team in einer einzigartigen Arbeitsatmosph\u00e4re. Wenn du talentiert bist und zu uns passt, erh\u00e4ltst du bei uns die Chancen und Herausforderungen, nach denen Du gesucht hast.<\/p>\n<p>Schreibe mit an der Erfolgsgeschichte vom FlexXfit. Zudem bekommst du eine kostenlose Mitgliedschaft in unseren FlexXfit Studios.<\/p>\n<p>Wir freuen uns auf dich!<\/p>\n<p>Bewirb dich jetzt und sende uns deine vollst\u00e4ndigen Bewerbungsunterlagen<br \/>(gern auch per E-Mail unter<a href=\"mailto:warendorf@flexxfit.de\"><span> <\/span><\/a><strong><a href=\"mailto:waltrop@flexxfit.de\">ms@flexxfit.de<\/a><\/strong>) zu.<\/p>\n<p>&nbsp;<\/p>[\/et_pb_text][\/et_pb_column][\/et_pb_row][\/et_pb_section]\n","protected":false},"excerpt":{"rendered":"<p>WERDE EIN TEIL DES TEAMS!WIE VIEL POWER STECKT IN DIR? Motivierte und engagierte Mitarbeiter sind das Herz des Teams des FlexXfit Studios in Warendorf. Unser Studio besticht durch unser individuelles Design, unsere durchdachten Trainingskonzepte und unsere kompetenten Mitarbeiter. Wir suchen immer wieder kompetente Mitarbeiter, die Spa\u00df am Beruf haben und wissen, was sie tun. Ob [&hellip;]<\/p>\n","protected":false},"author":1,"featured_media":0,"parent":459,"menu_order":0,"comment_status":"closed","ping_status":"closed","template":"","meta":{"_et_pb_use_builder":"on","_et_pb_old_content":"","_et_gb_content_width":"","footnotes":""},"class_list":["post-463","page","type-page","status-publish","hentry"],"_links":{"self":[{"href":"https:\/\/www.flexxfit.de\/waf\/wp-json\/wp\/v2\/pages\/463","targetHints":{"allow":["GET"]}}],"collection":[{"href":"https:\/\/www.flexxfit.de\/waf\/wp-json\/wp\/v2\/pages"}],"about":[{"href":"https:\/\/www.flexxfit.de\/waf\/wp-json\/wp\/v2\/types\/page"}],"author":[{"embeddable":true,"href":"https:\/\/www.flexxfit.de\/waf\/wp-json\/wp\/v2\/users\/1"}],"replies":[{"embeddable":true,"href":"https:\/\/www.flexxfit.de\/waf\/wp-json\/wp\/v2\/comments?post=463"}],"version-history":[{"count":11,"href":"https:\/\/www.flexxfit.de\/waf\/wp-json\/wp\/v2\/pages\/463\/revisions"}],"predecessor-version":[{"id":6630,"href":"https:\/\/www.flexxfit.de\/waf\/wp-json\/wp\/v2\/pages\/463\/revisions\/6630"}],"up":[{"embeddable":true,"href":"https:\/\/www.flexxfit.de\/waf\/wp-json\/wp\/v2\/pages\/459"}],"wp:attachment":[{"href":"https:\/\/www.flexxfit.de\/waf\/wp-json\/wp\/v2\/media?parent=463"}],"curies":[{"name":"wp","href":"https:\/\/api.w.org\/{rel}","templated":true}]}}