{"id":459,"date":"2022-09-26T15:19:55","date_gmt":"2022-09-26T13:19:55","guid":{"rendered":"https:\/\/www.flexxfit.de\/waf\/?page_id=459"},"modified":"2022-12-01T16:55:04","modified_gmt":"2022-12-01T15:55:04","slug":"jobs","status":"publish","type":"page","link":"https:\/\/www.flexxfit.de\/waf\/jobs\/","title":{"rendered":"Jobs"},"content":{"rendered":"\n[et_pb_section fb_built=&#8220;1&#8243; _builder_version=&#8220;4.18.0&#8243; _module_preset=&#8220;default&#8220; global_colors_info=&#8220;{}&#8220;][et_pb_row admin_label=&#8220;Zeile&#8220; _builder_version=&#8220;4.18.0&#8243; _module_preset=&#8220;default&#8220; global_colors_info=&#8220;{}&#8220;][et_pb_column type=&#8220;4_4&#8243; _builder_version=&#8220;4.18.0&#8243; _module_preset=&#8220;default&#8220; global_colors_info=&#8220;{}&#8220;][et_pb_text _builder_version=&#8220;4.18.0&#8243; _module_preset=&#8220;default&#8220; global_colors_info=&#8220;{}&#8220;]<h1 class=\"mb-4 mbr-fonts-style mbr-white display-2\">MACH DEINE LEIDENSCHAFT ZUM BERUF!<\/h1>[\/et_pb_text][et_pb_text _builder_version=&#8220;4.18.1&#8243; _module_preset=&#8220;default&#8220; global_colors_info=&#8220;{}&#8220;]<p><span>Du m\u00f6chtest zu einem sportlichen, jungen und dynamischen Team geh\u00f6ren und der pers\u00f6nliche Kontakt mit Menschen macht dir Spass, dann werde jetzt Teil des Teams! Sollte es im Moment keine vakante Stelle geben, dann bewirb dich gerne trotzdem initiativ.<\/span><\/p>[\/et_pb_text][et_pb_image src=&#8220;https:\/\/www.flexxfit.de\/waf\/wp-content\/uploads\/2022\/11\/4O8A7271_SZ-scaled.jpg&#8220; title_text=&#8220;4O8A7271_SZ&#8220; _builder_version=&#8220;4.18.1&#8243; _module_preset=&#8220;default&#8220; global_colors_info=&#8220;{}&#8220;][\/et_pb_image][\/et_pb_column][\/et_pb_row][et_pb_row column_structure=&#8220;1_2,1_2&#8243; make_equal=&#8220;on&#8220; admin_label=&#8220;Zeile&#8220; _builder_version=&#8220;4.18.0&#8243; _module_preset=&#8220;default&#8220; global_colors_info=&#8220;{}&#8220;][et_pb_column type=&#8220;1_2&#8243; _builder_version=&#8220;4.18.0&#8243; _module_preset=&#8220;default&#8220; background_color=&#8220;#efefef&#8220; global_colors_info=&#8220;{}&#8220;][et_pb_icon font_icon=&#8220;&#xf469;||fa||900&#8243; url=&#8220;https:\/\/www.flexxfit.de\/waf\/?page_id=475&#8243; _builder_version=&#8220;4.18.1&#8243; _module_preset=&#8220;default&#8220; custom_padding=&#8220;25px||||false|false&#8220; global_colors_info=&#8220;{}&#8220;][\/et_pb_icon][et_pb_text _builder_version=&#8220;4.18.0&#8243; _module_preset=&#8220;default&#8220; custom_padding=&#8220;||25px||false|false&#8220; link_option_url=&#8220;https:\/\/www.flexxfit.de\/waf\/?page_id=475&#8243; global_colors_info=&#8220;{}&#8220;]<p style=\"text-align: center;\">KURSLEITER\/IN WARENDORF<\/p>[\/et_pb_text][\/et_pb_column][et_pb_column type=&#8220;1_2&#8243; _builder_version=&#8220;4.18.0&#8243; _module_preset=&#8220;default&#8220; background_color=&#8220;#efefef&#8220; global_colors_info=&#8220;{}&#8220;][et_pb_icon font_icon=&#8220;&#xf19d;||fa||900&#8243; url=&#8220;https:\/\/www.flexxfit.de\/waf\/?page_id=483&#8243; _builder_version=&#8220;4.18.0&#8243; _module_preset=&#8220;default&#8220; custom_padding=&#8220;25px||||false|false&#8220; global_colors_info=&#8220;{}&#8220;][\/et_pb_icon][et_pb_text _builder_version=&#8220;4.18.0&#8243; _module_preset=&#8220;default&#8220; text_line_height=&#8220;1.3em&#8220; custom_padding=&#8220;||25px||false|false&#8220; link_option_url=&#8220;https:\/\/www.flexxfit.de\/waf\/?page_id=483&#8243; global_colors_info=&#8220;{}&#8220;]<p style=\"text-align: center;\">DUALES STUDIUM WARENDORF<\/p>[\/et_pb_text][\/et_pb_column][\/et_pb_row][et_pb_row make_equal=&#8220;on&#8220; _builder_version=&#8220;4.18.0&#8243; _module_preset=&#8220;default&#8220; global_colors_info=&#8220;{}&#8220;][et_pb_column type=&#8220;4_4&#8243; _builder_version=&#8220;4.18.0&#8243; _module_preset=&#8220;default&#8220; background_color=&#8220;#efefef&#8220; global_colors_info=&#8220;{}&#8220;][et_pb_icon font_icon=&#8220;&#x55;||divi||400&#8243; url=&#8220;https:\/\/www.flexxfit.de\/waf\/?page_id=463&#8243; _builder_version=&#8220;4.18.0&#8243; _module_preset=&#8220;default&#8220; custom_padding=&#8220;25px||||false|false&#8220; global_colors_info=&#8220;{}&#8220;][\/et_pb_icon][et_pb_text _builder_version=&#8220;4.18.0&#8243; _module_preset=&#8220;default&#8220; text_line_height=&#8220;1.3em&#8220; custom_padding=&#8220;||25px||false|false&#8220; link_option_url=&#8220;https:\/\/www.flexxfit.de\/waf\/?page_id=463&#8243; global_colors_info=&#8220;{}&#8220;]<p style=\"text-align: center;\"><span>WIR SUCHEN IMMER NACH GUT AUSGEBILDETEM PERSONAL<\/span><\/p>[\/et_pb_text][\/et_pb_column][\/et_pb_row][\/et_pb_section]\n","protected":false},"excerpt":{"rendered":"<p>MACH DEINE LEIDENSCHAFT ZUM BERUF!Du m\u00f6chtest zu einem sportlichen, jungen und dynamischen Team geh\u00f6ren und der pers\u00f6nliche Kontakt mit Menschen macht dir Spass, dann werde jetzt Teil des Teams! Sollte es im Moment keine vakante Stelle geben, dann bewirb dich gerne trotzdem initiativ.KURSLEITER\/IN WARENDORFDUALES STUDIUM WARENDORFWIR SUCHEN IMMER NACH GUT AUSGEBILDETEM PERSONAL<\/p>\n","protected":false},"author":1,"featured_media":0,"parent":0,"menu_order":0,"comment_status":"closed","ping_status":"closed","template":"","meta":{"_et_pb_use_builder":"on","_et_pb_old_content":"","_et_gb_content_width":"","footnotes":""},"class_list":["post-459","page","type-page","status-publish","hentry"],"_links":{"self":[{"href":"https:\/\/www.flexxfit.de\/waf\/wp-json\/wp\/v2\/pages\/459","targetHints":{"allow":["GET"]}}],"collection":[{"href":"https:\/\/www.flexxfit.de\/waf\/wp-json\/wp\/v2\/pages"}],"about":[{"href":"https:\/\/www.flexxfit.de\/waf\/wp-json\/wp\/v2\/types\/page"}],"author":[{"embeddable":true,"href":"https:\/\/www.flexxfit.de\/waf\/wp-json\/wp\/v2\/users\/1"}],"replies":[{"embeddable":true,"href":"https:\/\/www.flexxfit.de\/waf\/wp-json\/wp\/v2\/comments?post=459"}],"version-history":[{"count":14,"href":"https:\/\/www.flexxfit.de\/waf\/wp-json\/wp\/v2\/pages\/459\/revisions"}],"predecessor-version":[{"id":6628,"href":"https:\/\/www.flexxfit.de\/waf\/wp-json\/wp\/v2\/pages\/459\/revisions\/6628"}],"wp:attachment":[{"href":"https:\/\/www.flexxfit.de\/waf\/wp-json\/wp\/v2\/media?parent=459"}],"curies":[{"name":"wp","href":"https:\/\/api.w.org\/{rel}","templated":true}]}}